 divisor of l and 23.
23
Let b be 4/14 - 136/(-14). Let c = -68 + 50. Let t be (141 - 0)/(c/(-12)) - 4. What is the greatest common divisor of b and t?
10
Let q be -3*((-38192)/21)/16. Calculate the highest common factor of 33 and q.
11
Suppose -l - 5*x + 172 = 0, -2*l = 257*x - 256*x - 299. What is the highest common divisor of 273 and l?
21
Suppose 13*h - 177 = 2*z + 14*h, 2*z = -5*h - 165. Let y be z*12/15*4/(-8). Calculate the greatest common divisor of 64 and y.
4
Suppose 159*y = 186*y - 567. Let q(v) = 147*v**2 + 27 - 27. Let t be q(1). What is the highest common factor of t and y?
21
Let z = -4602 - -4869. Calculate the greatest common factor of 3738 and z.
267
Let c = -3 + 6. Suppose 92 = 5*i - c*l, 0 = i + l - 20 - 0. Suppose -15211 = -75*d + 464. Calculate the highest common factor of d and i.
19
Let g = -5248 - -5284. Calculate the highest common divisor of 13212 and g.
36
Let w = -135 + 189. Let k = -1416 - -1434. Calculate the greatest common factor of k and w.
18
Let t(n) = -32 - 33*n - n**3 + 30*n - 6*n**2 - 5*n**2. Let g be t(-11). Suppose 3 - 4 = -s. Calculate the greatest common divisor of g and s.
1
Let s(r) = 257*r - 446. Let f be s(3). What is the highest common factor of f and 200?
25
Let o = -7320 - -7445. Let r be (-600)/18*3*-1. What is the highest common divisor of o and r?
25
Let h be ((-50)/2)/((-88)/24 - -4). Let r = h + 103. Calculate the highest common divisor of 70 and r.
14
Suppose 4*c - c - k - 12762 = 0, 0 = 5*k. Suppose 302 = -13*v + c. What is the highest common divisor of v and 76?
76
Let t = -8992 + 10327. What is the highest common divisor of 225 and t?
15
Let k(w) = -15*w - 579. Let f be k(-93). What is the greatest common factor of 34 and f?
34
Let x = 88 - 28. Suppose 0 = -168*i + 3341 + 2707. What is the greatest common factor of i and x?
12
Let v be (-75)/(3 + -8)*(-5)/15. Let m(z) = z**2 + z - 14. Let c be m(v). Calculate the greatest common factor of 16 and c.
2
Let b be (9/9 - 1 - -6) + 129. Calculate the highest common factor of 20 and b.
5
Let y be (1 - -613) + -198 + 190. What is the highest common divisor of 12 and y?
6
Let w(r) be the third derivative of -r**6/120 - 13*r**5/30 + 25*r**4/24 - 31*r**3/6 - 61*r**2. Let v be w(-27). What is the highest common divisor of v and 115?
23
Let c(q) = -q**3 - 11*q**2 + 3*q + 35. Let m be c(-11). Suppose s = -s - m, 4*i - 574 = 2*s. Calculate the greatest common factor of 13 and i.
13
Let y(k) = 273*k + 9852. Let f be y(-36). What is the greatest common factor of 206 and f?
2
Let k(l) = 32 - 8*l - 2*l + l**2 - 6. Let n be k(6). Let o be n + (-5)/(-15)*3. Calculate the highest common factor of 4 and o.
1
Let u = -246 - -241. Let o be (-2 - u)/(3/6). What is the greatest common factor of 15 and o?
3
Let z(l) = -260*l - 932. Let u be z(-4). Calculate the greatest common divisor of 708 and u.
12
Let u be (-6)/4 + 1185/10. Suppose 4*w + 3 = -k, w = 2*k - 0 - 3. Let l be (7/(7/26))/k. What is the highest common factor of l and u?
13
Let p(t) = 279*t - 974. Let i be p(4). Calculate the greatest common divisor of 1775 and i.
71
Suppose -34*n = 38*n - 276624. What is the greatest common factor of n and 170?
34
Suppose 0*o = -5*h - 5*o - 90, -3*h = -5*o + 70. Let s = h - -21. Let l(p) = 8*p**3 - p**2 + 2*p. Let f be l(s). What is the highest common divisor of 27 and f?
9
Let v = 34 - -51. Suppose -4*g - 21 = -v. Suppose -5*c + 3*c = -5*o - 55, 0 = c + 5*o - 65. What is the highest common factor of c and g?
8
Let z = -38 - -83. Let w = 11489 - 11449. What is the greatest common factor of z and w?
5
Let q = 247 + -122. Let o be (-424)/(-88) - 1/((-22)/4). Suppose o*c = 13 + 112. Calculate the greatest common factor of c and q.
25
Suppose 5*o + 2*q - 112 = o, -5*q = -5*o + 140. Let l = o - -67. Let d = l - 50. What is the greatest common factor of 225 and d?
45
Let b = 6563 + -6538. What is the greatest common divisor of 2350 and b?
25
Suppose 11606 - 11960 = 50*x - 23004. What is the greatest common factor of 17969 and x?
151
Let r be (36/8)/((-18)/(-5808)). Calculate the highest common factor of 24 and r.
12
Let j = 36 - 6. Let b be (-3)/(j/(-8))*5. Suppose b*f - 218 = 102. What is the greatest common divisor of 16 and f?
16
Let i be (-1 + -1 - -5) + -13 + 561. Let s be (i - 50) + (0 - 7). Calculate the highest common divisor of 26 and s.
26
Let z = -18383 + 20011. What is the greatest common divisor of z and 518?
74
Suppose 7*v - 3*v = -60. Let q = v + 15. Suppose 5*l + 2*s - 23 = q, -2*l + 5*s = -l - 10. Calculate the highest common divisor of l and 5.
5
Suppose u - 2*g - 536 = -3*u, -3*g = 3*u - 411. What is the highest common factor of u and 2565?
135
Let o(m) = -m**3 + 2*m**2 + 3*m + 2. Let u be o(3). Let q be u/6 + (-890)/(-30). Calculate the highest common divisor of 570 and q.
30
Let v be (-1)/(2*1/(-8)). Let f(g) be the first derivative of g**3 + 6*g**2 + 8*g - 65. Let j be f(-6). What is the greatest common divisor of v and j?
4
Suppose 0 = -5*i + 10, -92*i + 95*i = -4*a + 682. What is the greatest common factor of a and 5642?
13
Let k be ((-18)/(-15))/((-93)/(-620)). Suppose -2*t = -2*s - 156, 6*t + 3*s = 5*t + 90. Suppose 3*l = t - 9. Calculate the greatest common divisor of k and l.
8
Suppose 967 = 4*s - 89. Let z be (-23 + 9 + 11)/(2/(-48)). What is the highest common factor of s and z?
24
Suppose 14 = 9*w - 2*w. Suppose 0 = w*z - 8, 6*t + 4*z - 156 = t. Suppose -2*b = 2*b - t. What is the highest common factor of b and 49?
7
Suppose 2*k + 210 = -2*u, 2 = 4*k - 2. Let r = 180 + u. What is the highest common factor of 518 and r?
74
Let g(i) = -6*i - 39. Suppose 0 = -10*d - 107 + 37. Let h be g(d). What is the highest common divisor of 3 and h?
3
Let r(x) be the second derivative of -9*x**5/20 + x**4/6 - 18*x. Let n be r(-1). Let l = n - -31. What is the greatest common divisor of l and 63?
21
Suppose 39*k + 16*k = 4895. Suppose 64 = k*i - 88*i. Calculate the highest common divisor of i and 64.
64
Suppose -46*o - 36*o - 39*o + 14520 = 0. Calculate the greatest common factor of 408 and o.
24
Let i = 15414 - 15399. Calculate the greatest common divisor of i and 3405.
15
Let n be (1/(-5))/((684/(-270))/38). Calculate the greatest common divisor of 101 and n.
1
Let o(l) = 19*l + 104. Let a be o(-4). What is the highest common divisor of 28 and a?
28
Let x be ((-7)/35)/((-1)/(-5)). Let y be x*(-46)/(3 - 1) + -4. Calculate the highest common divisor of 285 and y.
19
Suppose s = -2*s - 5*j + 3647, -3*s + 3677 = -j. What is the greatest common factor of s and 119?
17
Let r(u) = -u**3 + 20*u**2 - 18*u + 36. Let l be (6/(-12))/((-6)/228). Let k be r(l). What is the highest common divisor of k and 385?
55
Suppose 12 = -4*h, 20*c = 19*c - 4*h + 12561. Calculate the highest common factor of 127 and c.
127
Let d be ((-124)/(-12) + -8)/(1/3). Let u(v) = -v**3 + 11*v**2 - 11*v + 29. Let t be u(8). What is the greatest common divisor of t and d?
7
Suppose 0 = -44*m - 63 + 1163. Suppose 366 = -5*l - 174. Let y = l - -183. Calculate the greatest common divisor of m and y.
25
Let a = -90 + 100. Let q(p) = 5*p + 80. Let t be q(a). Calculate the highest common factor of 26 and t.
26
Let i(x) = -1219*x + 12411. Let c be i(10). Calculate the highest common factor of c and 51.
17
Suppose -v = 2*y - 2, -2*v - 4*y = -4*v + 4. Suppose 12*m - 6233 = -6137. Calculate the greatest common factor of m and v.
2
Let n be (-2)/1 + 0 + 8. Suppose 683 = 123*t - 59 + 4. Let f be n*t/12 - -6*1. Calculate the greatest common factor of f and 27.
9
Suppose 4*i = 15 + 9. Suppose 689 = i*a - 2239. What is the greatest common factor of 8 and a?
8
Let f = 10 - 43. Let k = 11 - f. Let g = -6027 - -6031. Calculate the greatest common factor of g and k.
4
Suppose 0 = -r + 3*r - 72. Suppose o - 1617 = -5*s - 2*o, 5*o + 5 = 0. Suppose 8*p - s = 2*p. Calculate the greatest common divisor of r and p.
18
Let i be (5*66/(-220))/((-6)/152). Calculate the greatest common divisor of i and 969.
19
Let k(o) = -5 - 31*o - 9*o + 20 + 189. Let l be k(5). Calculate the greatest common divisor of 18 and l.
2
Suppose -204 = 8*n - 284. Calculate the greatest common divisor of n and 405.
5
Let r = -4223 + 4443. What is the greatest common divisor of 44 and r?
44
Let z be ((-38)/8)/((-6)/24). Let j = -19 + z. Let m 